ighest common divisor of j and 1133.
11
Suppose -53 - 137 = -5*a. Suppose 2*f - 182 = 46. What is the highest common factor of f and a?
38
Let s = 197 + -178. Calculate the highest common factor of 133 and s.
19
Let d = -439 - -709. What is the greatest common factor of 180 and d?
90
Let g be 2*10*6/15. Let d(l) = 2*l**2 - 16*l + 16. Let v = 38 + -28. Let y be d(v). Calculate the greatest common factor of g and y.
8
Suppose -20*c = -15*c - 180. Calculate the highest common divisor of 60 and c.
12
Let g = 204 - 201. Let a(k) = 10*k**2 + 10*k - 21. Let j be a(g). Let v be -33*(1 - 2)*1. Calculate the highest common factor of v and j.
33
Let a(t) = t**2 - 6*t + 14. Let h be a(10). Let y(q) = q**3 - 3*q**2 + 3*q - 1. Let b be y(4). Calculate the highest common factor of b and h.
27
Suppose 2*d - 178 = 56. Let q(m) = 13*m - 286. Let w be q(23). What is the highest common divisor of d and w?
13
Suppose 36*d - 1008 = 20*d. Suppose a + 4*q - 13 = 16, 5 = q. What is the highest common factor of a and d?
9
Suppose 226 = 3*g - 11. Suppose -2*u = -5*j - 39 + 8, -g = -3*u + j. Calculate the highest common factor of u and 70.
14
Suppose 61 = c - 26. Suppose 0 = y + 3*z - 22, 4*y - 5*z = c + 1. Let d = -28 + 39. What is the greatest common divisor of y and d?
11
Suppose -2*t = -4*t. Suppose -2*d + 3*p = -22, 4*p = -3*d - t*p + 33. Suppose -93 = -a + 28. What is the highest common divisor of a and d?
11
Suppose -3*w - 51 = -3*y, y = w + 4*y + 1. Let r be (-3 - 0/(-2))*w. Suppose -x - 3*c = -13, 65 = 4*x + x - c. Calculate the highest common divisor of r and x.
13
Let w be ((1 + -1)/3)/(-1). Let s(x) = x + 21. Let t be s(w). Let v = t + -10. What is the highest common factor of 121 and v?
11
Suppose -5*t = k - 162, 124 = 5*t + 3*k - 42. Calculate the greatest common divisor of t and 1632.
32
Let h be 2*(1 + (-1396)/(-4)). Suppose -2*s - 3*s = -h. Let m be 15*(1 - 3/(-9)). Calculate the greatest common factor of m and s.
20
Let v be -3 - (5088/4)/(-4). What is the highest common divisor of v and 18?
9
Let i(h) = 538*h - 90. Let x be i(1). Calculate the greatest common divisor of 28 and x.
28
Suppose i - 10 = 188. Suppose -q - 3*r - 3 = 0, 4*q = -2*r - 2*r - 4. Suppose -4*b + 56 + 16 = q. Calculate the highest common divisor of b and i.
18
Suppose -88 + 8 = -5*r - 3*c, -2*r - 4*c + 32 = 0. What is the highest common factor of r and 296?
8
Let m(g) = -g**3 + 3*g**2 + 8*g - 4. Let j(w) = w**3 + 2*w**2 - 2*w + 7. Let o be j(-3). Let t be m(o). What is the highest common divisor of t and 84?
12
Let c be (18/(-8)*-18)/(3/18). Suppose 3*r - 3*f = c, -5*r - 2*f = -r - 342. What is the greatest common divisor of 12 and r?
12
Let c = 1321 + -1271. Let t = -23 + 43. Calculate the highest common factor of t and c.
10
Suppose -17*w = -0*w - 476. Calculate the highest common divisor of 49 and w.
7
Let t(y) = -4*y - 4. Let i be t(-4). Suppose -3*f + 5*u - 531 = -870, -3*u - 117 = -f. Calculate the greatest common factor of i and f.
12
Let i be 4/(5 + 0 + -4). Let t be ((-3)/5)/(3/(-15)). What is the greatest common divisor of i and t?
1
Let h be 1/4*0 + -2. Let k be h - 1/((-3)/6). Suppose k*d + 2*d + 9 = x, 27 = 3*x - 4*d. What is the greatest common divisor of x and 45?
9
Let k = 100 + -59. Calculate the highest common divisor of k and 533.
41
Let v be 36/(4 - 5) - -1*4. Let w = v - -57. Let r be (-2)/(-6) - 74/(-3). Calculate the highest common factor of r and w.
25
Suppose -5*p + 182 = 2*j, -6*j + 10*j - 3*p - 364 = 0. What is the greatest common factor of 26 and j?
13
Suppose 5*a - 636 = -4*s, -4*a + 502 = 4*s - 130. Calculate the greatest common factor of s and 22.
22
Suppose p - 5*r = -3*p + 95, 0 = 3*r + 9. Suppose 3*x - 2*x = 5. Suppose 20 = x*f - 780. What is the greatest common factor of p and f?
20
Suppose 0 = 13*g - 9*g - 112. What is the greatest common factor of 518 and g?
14
Let h(g) = -4*g - 4. Let k be h(-2). Suppose 0*i + 96 = k*i. What is the highest common factor of i and 16?
8
Let a = 33 + -33. Let m be (2/(-8))/((-3)/12 + a). Calculate the highest common factor of 7 and m.
1
Let m(t) = 49*t**2 + 2. Let p be m(-2). Let n be 32/((-4)/1) + 3. Let c be 15/n + (2 - -19). Calculate the highest common divisor of c and p.
18
Suppose -114 + 273 = c. What is the greatest common divisor of 106 and c?
53
Suppose 275 = 4*b - 5*x, 6*b - 5*x - 50 = 5*b. Let c be ((-45)/(-6))/(1/4). Calculate the greatest common factor of b and c.
15
Suppose 3*g - 3246 = -0*g. Let z be g/5 - 4/10. Let a(c) = 35*c - 186. Let k be a(6). What is the greatest common factor of k and z?
24
Let n(h) be the third derivative of -h**4/12 + h**3/2 - 25*h**2. Let a be n(-8). What is the highest common factor of 171 and a?
19
Suppose 5*j = 584 + 1001. Suppose -m - 55 + j = 0. Suppose t = -4*t + p + 323, 2*p + m = 4*t. Calculate the greatest common factor of 8 and t.
8
Suppose 7*t - 610 - 167 = 0. Calculate the highest common divisor of t and 148.
37
Let v(r) = 81*r**3 + r**2 - 2. Let g be v(1). Calculate the highest common divisor of g and 2000.
80
Let t(o) = 5*o + 2. Let h = 22 - 21. Let b be t(h). Let f = -63 - -98. Calculate the highest common divisor of f and b.
7
Suppose 0 = 81*l - 79*l - 56. Calculate the highest common divisor of 1890 and l.
14
Let y(c) = -28*c - 303. Let p be y(-11). Calculate the highest common divisor of p and 40.
5
Let q be (-1)/3*(-9 - 0). Suppose -x + q - 1 = 0. Suppose -7*l = -x*l - 45. What is the greatest common divisor of l and 45?
9
Suppose 8*d + 17*d - 300 = 0. Calculate the highest common factor of 147 and d.
3
Let d = -1211 - -1463. What is the highest common divisor of d and 28?
28
Suppose 112 = 2*q - 0*q. Suppose -4*b - 4*x + q = -b, -58 = -3*b - 5*x. Let w = -20 + 28. Calculate the highest common divisor of w and b.
8
Suppose -180 = r - 5*r - 4*b, -5*r - 4*b = -228. Calculate the highest common divisor of 160 and r.
16
Let p be 4*((-4)/16)/(1/(-2)). Let q(w) = 97*w - 12. Let f be q(p). What is the highest common factor of 14 and f?
14
Let s be 20/(-15)*3/(-2). Suppose -s*i + 2 = -2. Let m(y) = 3*y + 2. Let o be m(1). Calculate the greatest common divisor of i and o.
1
Let x(m) = -m + m**2 + 2*m - 3*m + 12*m**3 + 1. Suppose 0 = -2*p - 4*a + 6, -p - 3*a = -3*p - 1. Let w be x(p). What is the highest common factor of w and 24?
12
Let c be (-3)/2*138/9. Let p = c + 61. Suppose -p = r - 90. Calculate the greatest common factor of r and 78.
26
Suppose 0 = w + 5*f - 207, -18*f = -20*f + 10. Calculate the greatest common factor of 6 and w.
2
Suppose 5*s - 6*s = -3. Suppose -m + 2*u = -4*m + 171, -101 = -2*m + s*u. What is the greatest common factor of 22 and m?
11
Suppose -9 + 34 = 5*l. Suppose l*b + 61 = 161. Let n = -233 - -333. Calculate the greatest common factor of n and b.
20
Let o(x) = x**2 + x + 3. Let a be o(4). Let q be (-2 + 4)*2/4 + a. Suppose 0*y = 5*y - 120. What is the highest common divisor of q and y?
24
Suppose 5*l - 10*l = 0. Suppose i - 5*f - 31 = 0, 5*f + l*f = -25. Calculate the highest common divisor of i and 3.
3
Let u be 2/15*63*(-650)/(-10). Calculate the greatest common factor of u and 78.
78
Suppose -24*o + 26*o = 8. Let b be (-58)/o*(-8 + -2) - 1. What is the greatest common factor of 16 and b?
16
Suppose 5*a - 4*u = 370, 5*u - 4*u = -5. What is the highest common factor of a and 1?
1
Let t = 32 - 12. Suppose 84 = 5*c + 3*y + y, 96 = 4*c - 4*y. What is the greatest common divisor of t and c?
20
Let b(z) = z**2 + 2*z - 11. Let q = 27 + -18. Let j be b(q). Calculate the greatest common divisor of 22 and j.
22
Suppose 30*r - 2 = 32*r. Let f = 9 - r. What is the highest common factor of 40 and f?
10
Let v(h) = -26*h**2 + 594*h + 22. Let d be v(22). What is the greatest common divisor of 46 and d?
46
Let g(j) = -15*j + 6. Let k be g(-5). Suppose 0 = -0*p - 9*p + k. Calculate the greatest common divisor of 18 and p.
9
Suppose 2*u + 3*u = -335. Let n = -29 - u. Calculate the highest common divisor of n and 19.
19
Suppose 14*k = -11*k + 875. What is the greatest common factor of 1120 and k?
35
Suppose 117*h + 606 = 119*h. What is the greatest common factor of h and 3?
3
Suppose -33 - 3 = -5*r + 4*f, -4*r + f = -31. Suppose -3*i + 4 = -r. What is the greatest common factor of i and 36?
4
Suppose 9 - 24 = -3*x. Suppose 4*i + 7 = 2*i + x*q, 4*